{"id":387,"date":"2023-12-01T16:08:08","date_gmt":"2023-12-01T19:08:08","guid":{"rendered":"https:\/\/institutomaria.org.br\/?page_id=387"},"modified":"2024-05-06T16:51:57","modified_gmt":"2024-05-06T19:51:57","slug":"acompanhamento-para-criancas","status":"publish","type":"page","link":"https:\/\/institutomaria.org.br\/?page_id=387","title":{"rendered":"Acompanhamento para crian\u00e7as"},"content":{"rendered":"\t\t<div data-elementor-type=\"wp-page\" data-elementor-id=\"387\" class=\"elementor elementor-387\" data-elementor-post-type=\"page\">\n\t\t\t\t<div class=\"elementor-element elementor-element-811a607 e-flex e-con-boxed e-con e-parent\" data-id=\"811a607\" data-element_type=\"container\" data-e-type=\"container\" data-settings=\"{&quot;background_background&quot;:&quot;classic&quot;}\">\n\t\t\t\t\t<div class=\"e-con-inner\">\n\t\t\t\t<div class=\"elementor-element elementor-element-5c9cf64 elementor-widget elementor-widget-heading\" data-id=\"5c9cf64\" data-element_type=\"widget\" data-e-type=\"widget\" data-widget_type=\"heading.default\">\n\t\t\t\t<div class=\"elementor-widget-container\">\n\t\t\t\t\t<h2 class=\"elementor-heading-title elementor-size-default\">Acompanhamento para crian\u00e7as<\/h2>\t\t\t\t<\/div>\n\t\t\t\t<\/div>\n\t\t\t\t\t<\/div>\n\t\t\t\t<\/div>\n\t\t<div class=\"elementor-element elementor-element-fda8968 e-flex e-con-boxed e-con e-parent\" data-id=\"fda8968\" data-element_type=\"container\" data-e-type=\"container\">\n\t\t\t\t\t<div class=\"e-con-inner\">\n\t\t<div class=\"elementor-element elementor-element-8ce58ee e-con-full e-flex e-con e-child\" data-id=\"8ce58ee\" data-element_type=\"container\" data-e-type=\"container\">\n\t\t\t\t<div class=\"elementor-element elementor-element-ca849a8 elementor-widget elementor-widget-text-editor\" data-id=\"ca849a8\" data-element_type=\"widget\" data-e-type=\"widget\" data-widget_type=\"text-editor.default\">\n\t\t\t\t<div class=\"elementor-widget-container\">\n\t\t\t\t\t\t\t\t\t<div class=\"wpb_text_column wpb_content_element vc_custom_1685670704200 text\"><div class=\"wpb_wrapper\"><div class=\"wpb_text_column wpb_content_element  vc_custom_1685669290268 text\"><div class=\"wpb_wrapper\"><p>No Instituto, temos o compromisso de oferecer suporte personalizado as crian\u00e7as, proporcionando um cuidado integral desde o nascimento. Os profissionais est\u00e3o prontos para atender \u00e0s necessidades de cada crian\u00e7as, por meio de projetos terap\u00eauticos individuas, estimula\u00e7\u00e3o precoce e atendimento multiprofissional.<\/p><\/div><\/div><div class=\"wpb_text_column wpb_content_element  vc_custom_1685669375234 text\"><div class=\"wpb_wrapper\"><p>Ao proporcionar um acompanhamento dedicado desde o nascimento, estamos criando as bases para o desenvolvimento de habilidades cognitivas, emocionais, sociais e f\u00edsicas, que ser\u00e3o fundamentais ao longo da vida.<\/p><\/div><\/div><\/div><\/div>\t\t\t\t\t\t\t\t<\/div>\n\t\t\t\t<\/div>\n\t\t\t\t<\/div>\n\t\t<div class=\"elementor-element elementor-element-94f04ba e-con-full e-flex e-con e-child\" data-id=\"94f04ba\" data-element_type=\"container\" data-e-type=\"container\">\n\t\t\t\t<div class=\"elementor-element elementor-element-ce32dd2 elementor-widget elementor-widget-image\" data-id=\"ce32dd2\" data-element_type=\"widget\" data-e-type=\"widget\" data-widget_type=\"image.default\">\n\t\t\t\t<div class=\"elementor-widget-container\">\n\t\t\t\t\t\t\t\t\t\t\t\t\t\t\t<img fetchpriority=\"high\" decoding=\"async\" width=\"1024\" height=\"920\" src=\"https:\/\/institutomaria.org.br\/wp-content\/uploads\/2023\/12\/WhatsApp-Image-2023-05-11-at-23.48-2-1.webp\" class=\"attachment-full size-full wp-image-372\" alt=\"\" srcset=\"https:\/\/institutomaria.org.br\/wp-content\/uploads\/2023\/12\/WhatsApp-Image-2023-05-11-at-23.48-2-1.webp 1024w, https:\/\/institutomaria.org.br\/wp-content\/uploads\/2023\/12\/WhatsApp-Image-2023-05-11-at-23.48-2-1-300x270.webp 300w, https:\/\/institutomaria.org.br\/wp-content\/uploads\/2023\/12\/WhatsApp-Image-2023-05-11-at-23.48-2-1-768x690.webp 768w\" sizes=\"(max-width: 1024px) 100vw, 1024px\" \/>\t\t\t\t\t\t\t\t\t\t\t\t\t\t\t<\/div>\n\t\t\t\t<\/div>\n\t\t\t\t<\/div>\n\t\t\t\t<div class=\"elementor-element elementor-element-6070ca7 elementor-widget elementor-widget-heading\" data-id=\"6070ca7\" data-element_type=\"widget\" data-e-type=\"widget\" data-widget_type=\"heading.default\">\n\t\t\t\t<div class=\"elementor-widget-container\">\n\t\t\t\t\t<h2 class=\"elementor-heading-title elementor-size-default\">Destacamos os seguintes benef\u00edcios do nosso programa de acompanhamento:<\/h2>\t\t\t\t<\/div>\n\t\t\t\t<\/div>\n\t\t\t\t<div class=\"elementor-element elementor-element-fcbed0a elementor-position-inline-start elementor-mobile-position-inline-start elementor-view-default elementor-widget elementor-widget-icon-box\" data-id=\"fcbed0a\" data-element_type=\"widget\" data-e-type=\"widget\" data-widget_type=\"icon-box.default\">\n\t\t\t\t<div class=\"elementor-widget-container\">\n\t\t\t\t\t\t\t<div class=\"elementor-icon-box-wrapper\">\n\n\t\t\t\t\t\t<div class=\"elementor-icon-box-icon\">\n\t\t\t\t<span  class=\"elementor-icon\">\n\t\t\t\t<svg aria-hidden=\"true\" class=\"e-font-icon-svg e-fas-check\" viewBox=\"0 0 512 512\" xmlns=\"http:\/\/www.w3.org\/2000\/svg\"><path d=\"M173.898 439.404l-166.4-166.4c-9.997-9.997-9.997-26.206 0-36.204l36.203-36.204c9.997-9.998 26.207-9.998 36.204 0L192 312.69 432.095 72.596c9.997-9.997 26.207-9.997 36.204 0l36.203 36.204c9.997 9.997 9.997 26.206 0 36.204l-294.4 294.401c-9.998 9.997-26.207 9.997-36.204-.001z\"><\/path><\/svg>\t\t\t\t<\/span>\n\t\t\t<\/div>\n\t\t\t\n\t\t\t\t\t\t<div class=\"elementor-icon-box-content\">\n\n\t\t\t\t\n\t\t\t\t\t\t\t\t\t<p class=\"elementor-icon-box-description\">\n\t\t\t\t\t\tReconhecemos a import\u00e2ncia de come\u00e7ar o acompanhamento desde os primeiros est\u00e1gios da vida. Nossa equipe est\u00e1 pronta para apoiar e orientar as fam\u00edlias durante cada fase do desenvolvimento, garantindo que as necessidades das crian\u00e7as sejam atendidas de maneira adequada e cont\u00ednua.\t\t\t\t\t<\/p>\n\t\t\t\t\n\t\t\t<\/div>\n\t\t\t\n\t\t<\/div>\n\t\t\t\t\t\t<\/div>\n\t\t\t\t<\/div>\n\t\t\t\t<div class=\"elementor-element elementor-element-7440cdd elementor-position-inline-start elementor-mobile-position-inline-start elementor-view-default elementor-widget elementor-widget-icon-box\" data-id=\"7440cdd\" data-element_type=\"widget\" data-e-type=\"widget\" data-widget_type=\"icon-box.default\">\n\t\t\t\t<div class=\"elementor-widget-container\">\n\t\t\t\t\t\t\t<div class=\"elementor-icon-box-wrapper\">\n\n\t\t\t\t\t\t<div class=\"elementor-icon-box-icon\">\n\t\t\t\t<span  class=\"elementor-icon\">\n\t\t\t\t<svg aria-hidden=\"true\" class=\"e-font-icon-svg e-fas-check\" viewBox=\"0 0 512 512\" xmlns=\"http:\/\/www.w3.org\/2000\/svg\"><path d=\"M173.898 439.404l-166.4-166.4c-9.997-9.997-9.997-26.206 0-36.204l36.203-36.204c9.997-9.998 26.207-9.998 36.204 0L192 312.69 432.095 72.596c9.997-9.997 26.207-9.997 36.204 0l36.203 36.204c9.997 9.997 9.997 26.206 0 36.204l-294.4 294.401c-9.998 9.997-26.207 9.997-36.204-.001z\"><\/path><\/svg>\t\t\t\t<\/span>\n\t\t\t<\/div>\n\t\t\t\n\t\t\t\t\t\t<div class=\"elementor-icon-box-content\">\n\n\t\t\t\t\n\t\t\t\t\t\t\t\t\t<p class=\"elementor-icon-box-description\">\n\t\t\t\t\t\tEntendemos que cada crian\u00e7a \u00e9 \u00fanica, com desafios e necessidades individuais. Por isso, desenvolvemos projetos terap\u00eauticos personalizados que integram uma variedade de abordagens e terapias espec\u00edficas para ajudar no crescimento e desenvolvimento saud\u00e1veis.\n\t\t\t\t\t<\/p>\n\t\t\t\t\n\t\t\t<\/div>\n\t\t\t\n\t\t<\/div>\n\t\t\t\t\t\t<\/div>\n\t\t\t\t<\/div>\n\t\t\t\t\t<\/div>\n\t\t\t\t<\/div>\n\t\t\t\t<\/div>\n\t\t","protected":false},"excerpt":{"rendered":"<p>Acompanhamento para crian\u00e7as No Instituto, temos o compromisso de oferecer suporte personalizado as crian\u00e7as, proporcionando um cuidado integral desde o nascimento. Os profissionais est\u00e3o prontos para atender \u00e0s necessidades de cada crian\u00e7as, por meio de projetos terap\u00eauticos individuas, estimula\u00e7\u00e3o precoce e atendimento multiprofissional. Ao proporcionar um acompanhamento dedicado desde o nascimento, estamos criando as bases [&hellip;]<\/p>\n","protected":false},"author":6,"featured_media":0,"parent":0,"menu_order":0,"comment_status":"closed","ping_status":"closed","template":"elementor_header_footer","meta":{"footnotes":""},"class_list":["post-387","page","type-page","status-publish","hentry"],"_links":{"self":[{"href":"https:\/\/institutomaria.org.br\/index.php?rest_route=\/wp\/v2\/pages\/387","targetHints":{"allow":["GET"]}}],"collection":[{"href":"https:\/\/institutomaria.org.br\/index.php?rest_route=\/wp\/v2\/pages"}],"about":[{"href":"https:\/\/institutomaria.org.br\/index.php?rest_route=\/wp\/v2\/types\/page"}],"author":[{"embeddable":true,"href":"https:\/\/institutomaria.org.br\/index.php?rest_route=\/wp\/v2\/users\/6"}],"replies":[{"embeddable":true,"href":"https:\/\/institutomaria.org.br\/index.php?rest_route=%2Fwp%2Fv2%2Fcomments&post=387"}],"version-history":[{"count":16,"href":"https:\/\/institutomaria.org.br\/index.php?rest_route=\/wp\/v2\/pages\/387\/revisions"}],"predecessor-version":[{"id":891,"href":"https:\/\/institutomaria.org.br\/index.php?rest_route=\/wp\/v2\/pages\/387\/revisions\/891"}],"wp:attachment":[{"href":"https:\/\/institutomaria.org.br\/index.php?rest_route=%2Fwp%2Fv2%2Fmedia&parent=387"}],"curies":[{"name":"wp","href":"https:\/\/api.w.org\/{rel}","templated":true}]}}